19
List the prime factors of 674026787.
7, 29, 227, 14627
What are the prime factors of 226681399?
7, 23, 197, 1021
What are the prime factors of 38858071?
7, 653, 8501
List the prime factors of 713525977.
31, 1039, 22153
What are the prime factors of 183726950?
2, 5, 11, 334049
List the prime factors of 899057440.
2, 5, 5619109
What are the prime factors of 255946855?
5, 51189371
What are the prime factors of 3599897650?
2, 5, 43, 1674371
What are the prime factors of 17712832?
2, 276763
List the prime factors of 237484158.
2, 3, 127, 311659
List the prime factors of 746369563.
746369563
What are the prime factors of 4323466052?
2, 11273, 95881
What are the prime factors of 33259551?
3, 13, 852809
List the prime factors of 681951785.
5, 839, 162563
What are the prime factors of 49170595?
5, 37, 265787
List the prime factors of 285911496.
2, 3, 13, 23497
List the prime factors of 168404716.
2, 2677, 15727
List the prime factors of 1327680501.
3, 7, 17, 3718993
List the prime factors of 2551912956.
2, 3, 71, 941, 1061
What are the prime factors of 46654354?
2, 107, 311, 701
List the prime factors of 92587083.
3, 17, 1109, 1637
List the prime factors of 490100055.
3, 5, 17, 821, 2341
List the prime factors of 1629065574.
2, 3, 23, 149, 8803
What are the prime factors of 4607623?
31, 148633
List the prime factors of 92406176.
2, 2887693
List the prime factors of 16548584.
2, 13, 41, 3881
List the prime factors of 3427036.
2, 856759
What are the prime factors of 161964375?
3, 5, 86381
List the prime factors of 235829768.
2, 1033, 28537
What are the prime factors of 54048068?
2, 23, 311, 1889
List the prime factors of 45622929.
3, 11, 125683
List the prime factors of 3100715350.
2, 5, 307, 202001
What are the prime factors of 1432453253?
7, 11, 18603289
List the prime factors of 129653537.
13, 9973349
List the prime factors of 5501434059.
3, 11, 19, 37, 8783
List the prime factors of 147950702.
2, 43, 283, 6079
What are the prime factors of 18101779?
53, 341543
What are the prime factors of 131693460?
2, 3, 5, 73, 107, 281
List the prime factors of 87754945.
5, 17550989
What are the prime factors of 10290637?
7, 23, 397
What are the prime factors of 657305758?
2, 331, 641, 1549
List the prime factors of 287363272.
2, 7, 809, 6343
List the prime factors of 1387166798.
2, 693583399
What are the prime factors of 3963555?
3, 5, 88079
What are the prime factors of 2610224808?
2, 3, 29, 3750323
List the prime factors of 84915624.
2, 3, 3538151
List the prime factors of 705839243.
59, 11963377
What are the prime factors of 668997995?
5, 1627, 82237
List the prime factors of 167335420.
2, 5, 7, 17, 70309
What are the prime factors of 123983254?
2, 107, 593, 977
What are the prime factors of 4366851527?
83, 191, 275459
What are the prime factors of 752750719?
7, 7369, 14593
What are the prime factors of 38771320?
2, 5, 7, 138469
What are the prime factors of 60101407?
4663, 12889
List the prime factors of 45098865.
3, 5, 7, 113, 181
What are the prime factors of 5920237?
59, 100343
List the prime factors of 6816820.
2, 5, 19, 17939
What are the prime factors of 255442887?
3, 7, 751, 5399
List the prime factors of 1507090048.
2, 31, 379811
What are the prime factors of 654340398?
2, 3, 29, 3760577
What are the prime factors of 16350779?
719, 22741
List the prime factors of 85850459.
17, 431, 11717
What are the prime factors of 310415022?
2, 3, 43, 401053
List the prime factors of 4150795660.
2, 5, 11, 18867253
List the prime factors of 57815492.
2, 7, 97, 3041
List the prime factors of 387600540.
2, 3, 5, 47, 137447
What are the prime factors of 29660492?
2, 7415123
What are the prime factors of 2713441?
53, 51197
What are the prime factors of 4817763?
3, 43, 59, 211
What are the prime factors of 174853634?
2, 607, 144031
List the prime factors of 235561378.
2, 13, 127, 71339
What are the prime factors of 68277583?
11, 19, 326687
What are the prime factors of 2518945?
5, 11, 13, 271
List the prime factors of 111064155.
3, 5, 157, 47161
List the prime factors of 242530205.
5, 31, 61, 113, 227
What are the prime factors of 209713271?
419, 500509
List the prime factors of 4813074630.
2, 3, 5, 7, 13, 587677
What are the prime factors of 3461894247?
3, 7, 23550301
List the prime factors of 49074977.
7, 1747, 4013
List the prime factors of 4313094868.
2, 20359, 52963
What are the prime factors of 62948420?
2, 5, 3147421
List the prime factors of 1755853271.
43, 53, 770449
List the prime factors of 43534606.
2, 113, 192631
List the prime factors of 298975075.
5, 7, 41, 41669
List the prime factors of 1697240010.
2, 3, 5, 56574667
What are the prime factors of 23751343?
7, 11, 173, 1783
What are the prime factors of 20959845?
3, 5, 311, 4493
What are the prime factors of 902721122?
2, 19, 53, 59, 71, 107
What are the prime factors of 80892995?
5, 16178599
What are the prime factors of 2447240075?
5, 7, 1997747
What are the prime factors of 30281167?
7, 617983
What are the prime factors of 100633327?
1453, 69259
List the prime factors of 842955653.
19, 44366087
What are the prime factors of 217548551?
11, 19777141
What are the prime factors of 390723044?
2, 1483, 65867
List the prime factors of 1134850.
2, 5, 22697
What are the prime factors of 52518980?
2, 5, 2625949
List the prime factors of 408012502.
2, 23, 8869837
List the prime factors of 163928226.
2, 3, 7, 11, 173, 293
List the prime factors of 146571900.
2, 3, 5, 488573
What are the prime factors of 1882755?
3, 5, 7, 43, 139
List the prime factors of 266844312.
2, 3, 7, 29, 18257
What are the prime factors of 1010969010?
2, 3, 5, 499, 22511
What are the prime factors of 4532189518?
2, 2266094759
What are the prime factors of 8630487920?
2, 5, 17, 373291
What are the prime factors of 302464923?
3, 31, 3252311
What are the prime factors of 262925368?
2, 29, 53, 21383
List the prime factors of 468349013.
11, 3870653
List the prime factors of 20008931.
53, 377527
List the prime factors of 83099616.
2, 3, 19, 29, 1571
List the prime factors of 126815520.
2, 3, 5, 13, 20323
What are the prime factors of 406907861?
406907861
List the prime factors of 32118291.
3, 43, 149, 557
What are the prime factors of 6262021678?
2, 11, 29, 2297, 4273
What are the prime factors of 145813542?
2, 3, 7, 3471751
List the prime factors of 85607288.
2, 13, 23, 2753
What are the prime factors of 116276090?
2, 5, 7, 17, 97711
What are the prime factors of 10591559?
11, 962869
What are the prime factors of 3377354398?
2, 11, 153516109
List the prime factors of 16607423.
7, 338927
What are the prime factors of 220246590?
2, 3, 5, 29, 253157
What are the prime factors of 8190221234?
2, 13, 315008509
What are the prime factors of 844712346?
2, 3, 73, 1928567
What are the prime factors of 51440785?
5, 11, 107, 8741
List the prime factors of 5276686425.
3, 5, 70355819
What are the prime factors of 435019222?
2, 11, 17, 151, 7703
List the prime factors of 4174517163.
3, 4903, 283807
List the prime factors of 317618070.
2, 3, 5, 7, 11, 359, 383
What are the prime factors of 1071239215?
5, 67, 373, 8573
List the prime factors of 6811272279.
3, 7, 23, 204377
List the prime factors of 29772832.
2, 739, 1259
What are the prime factors of 137215203?
3, 37, 1236173
List the prime factors of 48858474.
2, 3, 7, 47, 53, 467
What are the prime factors of 284818389?
3, 94939463
What are the prime factors of 2448301260?
2, 3, 5, 31, 42461
What are the prime factors of 41681214?
2, 3, 53, 43691
What are the prime factors of 161713648?
2, 10107103
What are the prime factors of 794230882?
2, 397115441
List the prime factors of 2754108550.
2, 5, 23, 149, 16073
List the prime factors of 42057658.
2, 317, 66337
List the prime factors of 1096589303.
907, 1209029
List the prime factors of 15027884.
2, 499, 7529
What are the prime factors of 2350415576?
2, 823, 356989
What are the prime factors of 3082574862?
2, 3, 23, 1019, 7307
What are the prime factors of 4401534639?
3, 491, 2988143
What are the prime factors of 488322022?
2, 244161011
List the prime factors of 197768866.
2, 131, 179, 4217
List the prime factors of 1051914383.
13, 103, 785597
What are the prime factors of 31577052?
2, 3, 13, 41, 4937
What are the prime factors of 5271823244?
2, 47, 157, 1